[INFO] fetching crate xim 0.1.1...
[INFO] building xim-0.1.1 against master#881c1ac408d93bb7adaa3a51dabab9266e82eee8 for issue-85264
[INFO] extracting crate xim 0.1.1 into /workspace/builds/worker-4/source
[INFO] validating manifest of crates.io crate xim 0.1.1 on toolchain 881c1ac408d93bb7adaa3a51dabab9266e82eee8
[INFO] running `Command { std: "/workspace/cargo-home/bin/cargo" "+881c1ac408d93bb7adaa3a51dabab9266e82eee8" "metadata" "--manifest-path" "Cargo.toml" "--no-deps", kill_on_drop: false }`
[INFO] started tweaking crates.io crate xim 0.1.1
[INFO] finished tweaking crates.io crate xim 0.1.1
[INFO] tweaked toml for crates.io crate xim 0.1.1 written to /workspace/builds/worker-4/source/Cargo.toml
[INFO] crate crates.io crate xim 0.1.1 already has a lockfile, it will not be regenerated
[INFO] running `Command { std: "/workspace/cargo-home/bin/cargo" "+881c1ac408d93bb7adaa3a51dabab9266e82eee8" "fetch" "--manifest-path" "Cargo.toml", kill_on_drop: false }`
[INFO] [stderr]  Downloading crates ...
[INFO] [stderr]   Downloaded x11rb v0.8.1
[INFO] [stderr]   Downloaded xim-parser v0.1.0
[INFO] running `Command { std: "docker" "create" "-v" "/var/lib/crater-agent-workspace/builds/worker-4/target:/opt/rustwide/target:rw,Z" "-v" "/var/lib/crater-agent-workspace/builds/worker-4/source:/opt/rustwide/workdir:ro,Z" "-v" "/var/lib/crater-agent-workspace/cargo-home:/opt/rustwide/cargo-home:ro,Z" "-v" "/var/lib/crater-agent-workspace/rustup-home:/opt/rustwide/rustup-home:ro,Z" "-e" "SOURCE_DIR=/opt/rustwide/workdir" "-e" "CARGO_TARGET_DIR=/opt/rustwide/target" "-e" "CARGO_HOME=/opt/rustwide/cargo-home" "-e" "RUSTUP_HOME=/opt/rustwide/rustup-home" "-w" "/opt/rustwide/workdir" "-m" "1610612736" "--user" "0:0" "--network" "none" "ghcr.io/rust-lang/crates-build-env/linux@sha256:20528e8c29e4536546f0102ce88568b16ea7538393a33fcca951030f7af10457" "/opt/rustwide/cargo-home/bin/cargo" "+881c1ac408d93bb7adaa3a51dabab9266e82eee8" "metadata" "--no-deps" "--format-version=1", kill_on_drop: false }`
[INFO] [stdout] 4b165fddd1ce0d8a989138dc49ea4ed5934d4e6e586a5684374c6170dc2abb06
[INFO] [stderr] WARNING: Your kernel does not support swap limit capabilities or the cgroup is not mounted. Memory limited without swap.
[INFO] running `Command { std: "docker" "start" "-a" "4b165fddd1ce0d8a989138dc49ea4ed5934d4e6e586a5684374c6170dc2abb06", kill_on_drop: false }`
[INFO] running `Command { std: "docker" "inspect" "4b165fddd1ce0d8a989138dc49ea4ed5934d4e6e586a5684374c6170dc2abb06", kill_on_drop: false }`
[INFO] running `Command { std: "docker" "rm" "-f" "4b165fddd1ce0d8a989138dc49ea4ed5934d4e6e586a5684374c6170dc2abb06", kill_on_drop: false }`
[INFO] [stdout] 4b165fddd1ce0d8a989138dc49ea4ed5934d4e6e586a5684374c6170dc2abb06
[INFO] running `Command { std: "docker" "create" "-v" "/var/lib/crater-agent-workspace/builds/worker-4/target:/opt/rustwide/target:rw,Z" "-v" "/var/lib/crater-agent-workspace/builds/worker-4/source:/opt/rustwide/workdir:ro,Z" "-v" "/var/lib/crater-agent-workspace/cargo-home:/opt/rustwide/cargo-home:ro,Z" "-v" "/var/lib/crater-agent-workspace/rustup-home:/opt/rustwide/rustup-home:ro,Z" "-e" "SOURCE_DIR=/opt/rustwide/workdir" "-e" "CARGO_TARGET_DIR=/opt/rustwide/target" "-e" "CARGO_INCREMENTAL=0" "-e" "RUST_BACKTRACE=full" "-e" "RUSTFLAGS=--cap-lints=forbid" "-e" "CARGO_HOME=/opt/rustwide/cargo-home" "-e" "RUSTUP_HOME=/opt/rustwide/rustup-home" "-w" "/opt/rustwide/workdir" "-m" "1610612736" "--user" "0:0" "--network" "none" "ghcr.io/rust-lang/crates-build-env/linux@sha256:20528e8c29e4536546f0102ce88568b16ea7538393a33fcca951030f7af10457" "/opt/rustwide/cargo-home/bin/cargo" "+881c1ac408d93bb7adaa3a51dabab9266e82eee8" "build" "--frozen" "--message-format=json", kill_on_drop: false }`
[INFO] [stdout] 04dadb028986bb9804f67e8b1f337bf33498729a11c61db588103354f2951303
[INFO] [stderr] WARNING: Your kernel does not support swap limit capabilities or the cgroup is not mounted. Memory limited without swap.
[INFO] running `Command { std: "docker" "start" "-a" "04dadb028986bb9804f67e8b1f337bf33498729a11c61db588103354f2951303", kill_on_drop: false }`
[INFO] [stderr]    Compiling libc v0.2.90
[INFO] [stderr]    Compiling syn v1.0.64
[INFO] [stderr]    Compiling version_check v0.9.3
[INFO] [stderr]    Compiling xim-parser v0.1.0
[INFO] [stderr]    Compiling log v0.4.14
[INFO] [stderr]    Compiling once_cell v1.7.2
[INFO] [stderr]    Compiling ahash v0.7.2
[INFO] [stderr]    Compiling nix v0.20.0
[INFO] [stderr]    Compiling gethostname v0.2.1
[INFO] [stderr]    Compiling getrandom v0.2.2
[INFO] [stderr]    Compiling thiserror-impl v1.0.24
[INFO] [stderr]    Compiling x11rb v0.8.1
[INFO] [stderr]    Compiling thiserror v1.0.24
[INFO] [stderr]    Compiling xim v0.1.1 (/opt/rustwide/workdir)
[INFO] [stderr]     Finished dev [unoptimized + debuginfo] target(s) in 26.14s
[INFO] running `Command { std: "docker" "inspect" "04dadb028986bb9804f67e8b1f337bf33498729a11c61db588103354f2951303", kill_on_drop: false }`
[INFO] running `Command { std: "docker" "rm" "-f" "04dadb028986bb9804f67e8b1f337bf33498729a11c61db588103354f2951303", kill_on_drop: false }`
[INFO] [stdout] 04dadb028986bb9804f67e8b1f337bf33498729a11c61db588103354f2951303
[INFO] running `Command { std: "docker" "create" "-v" "/var/lib/crater-agent-workspace/builds/worker-4/target:/opt/rustwide/target:rw,Z" "-v" "/var/lib/crater-agent-workspace/builds/worker-4/source:/opt/rustwide/workdir:ro,Z" "-v" "/var/lib/crater-agent-workspace/cargo-home:/opt/rustwide/cargo-home:ro,Z" "-v" "/var/lib/crater-agent-workspace/rustup-home:/opt/rustwide/rustup-home:ro,Z" "-e" "SOURCE_DIR=/opt/rustwide/workdir" "-e" "CARGO_TARGET_DIR=/opt/rustwide/target" "-e" "CARGO_INCREMENTAL=0" "-e" "RUST_BACKTRACE=full" "-e" "RUSTFLAGS=--cap-lints=forbid" "-e" "CARGO_HOME=/opt/rustwide/cargo-home" "-e" "RUSTUP_HOME=/opt/rustwide/rustup-home" "-w" "/opt/rustwide/workdir" "-m" "1610612736" "--user" "0:0" "--network" "none" "ghcr.io/rust-lang/crates-build-env/linux@sha256:20528e8c29e4536546f0102ce88568b16ea7538393a33fcca951030f7af10457" "/opt/rustwide/cargo-home/bin/cargo" "+881c1ac408d93bb7adaa3a51dabab9266e82eee8" "test" "--frozen" "--no-run" "--message-format=json", kill_on_drop: false }`
[INFO] [stderr] WARNING: Your kernel does not support swap limit capabilities or the cgroup is not mounted. Memory limited without swap.
[INFO] [stdout] be754af286dba22793556fea4e54e54ed4c073a32303ac7804d82c88a9775b3c
[INFO] running `Command { std: "docker" "start" "-a" "be754af286dba22793556fea4e54e54ed4c073a32303ac7804d82c88a9775b3c", kill_on_drop: false }`
[INFO] [stderr]    Compiling serde v1.0.124
[INFO] [stderr]    Compiling semver-parser v0.7.0
[INFO] [stderr]    Compiling ryu v1.0.5
[INFO] [stderr]    Compiling rayon-core v1.9.0
[INFO] [stderr]    Compiling scopeguard v1.1.0
[INFO] [stderr]    Compiling either v1.6.1
[INFO] [stderr]    Compiling serde_json v1.0.64
[INFO] [stderr]    Compiling itoa v0.4.7
[INFO] [stderr]    Compiling byteorder v1.4.3
[INFO] [stderr]    Compiling serde_derive v1.0.124
[INFO] [stderr]    Compiling quick-error v1.2.3
[INFO] [stderr]    Compiling unicode-width v0.1.8
[INFO] [stderr]    Compiling termcolor v1.1.2
[INFO] [stderr]    Compiling crossbeam-utils v0.8.3
[INFO] [stderr]    Compiling memoffset v0.6.1
[INFO] [stderr]    Compiling num-traits v0.2.14
[INFO] [stderr]    Compiling rayon v1.5.0
[INFO] [stderr]    Compiling walkdir v2.3.1
[INFO] [stderr]    Compiling humantime v1.3.0
[INFO] [stderr]    Compiling itertools v0.9.0
[INFO] [stderr]    Compiling itertools v0.10.0
[INFO] [stderr]    Compiling textwrap v0.11.0
[INFO] [stderr]    Compiling atty v0.2.14
[INFO] [stderr]    Compiling num_cpus v1.13.0
[INFO] [stderr]    Compiling csv-core v0.1.10
[INFO] [stderr]    Compiling regex-automata v0.1.9
[INFO] [stderr]    Compiling semver v0.9.0
[INFO] [stderr]    Compiling clap v2.33.3
[INFO] [stderr]    Compiling env_logger v0.7.1
[INFO] [stderr]    Compiling rustc_version v0.2.3
[INFO] [stderr]    Compiling cast v0.2.3
[INFO] [stderr]    Compiling pretty_env_logger v0.4.0
[INFO] [stderr]    Compiling crossbeam-epoch v0.9.3
[INFO] [stderr]    Compiling crossbeam-channel v0.5.0
[INFO] [stderr]    Compiling crossbeam-deque v0.8.0
[INFO] [stderr]    Compiling criterion-plot v0.4.3
[INFO] [stderr]    Compiling plotters v0.3.0
[INFO] [stderr]    Compiling bstr v0.2.15
[INFO] [stderr]    Compiling serde_cbor v0.11.1
[INFO] [stderr]    Compiling csv v1.1.6
[INFO] [stderr]    Compiling tinytemplate v1.2.1
[INFO] [stderr]    Compiling criterion v0.3.4
[INFO] [stderr]    Compiling xim v0.1.1 (/opt/rustwide/workdir)
[INFO] [stdout] error[E0432]: unresolved imports `xim::x11rb::X11rbServer`, `xim::Server`, `xim::ServerError`, `xim::ServerHandler`, `xim::UserInputContext`, `xim::XimConnections`
[INFO] [stdout]  --> examples/x11rb_server.rs:3:5
[INFO] [stdout]   |
[INFO] [stdout] 3 |     x11rb::X11rbServer, Server, ServerError, ServerHandler, UserInputContext, XimConnections,
[INFO] [stdout]   |     ^^^^^^^^^^^^^^^^^^  ^^^^^^  ^^^^^^^^^^^  ^^^^^^^^^^^^^  ^^^^^^^^^^^^^^^^  ^^^^^^^^^^^^^^ no `XimConnections` in the root
[INFO] [stdout]   |     |                   |       |            |              |
[INFO] [stdout]   |     |                   |       |            |              no `UserInputContext` in the root
[INFO] [stdout]   |     |                   |       |            no `ServerHandler` in the root
[INFO] [stdout]   |     |                   |       no `ServerError` in the root
[INFO] [stdout]   |     |                   no `Server` in the root
[INFO] [stdout]   |     no `X11rbServer` in `x11rb`
[INFO] [stdout] 
[INFO] [stdout] 
[INFO] [stdout] error[E0425]: cannot find value `ALL_LOCALES` in crate `xim`
[INFO] [stdout]    --> examples/x11rb_server.rs:112:79
[INFO] [stdout]     |
[INFO] [stdout] 112 |     let mut server = X11rbServer::init(&conn, screen_num, "test_server", xim::ALL_LOCALES)?;
[INFO] [stdout]     |                                                                               ^^^^^^^^^^^ not found in `xim`
[INFO] [stdout] 
[INFO] [stdout] 
[INFO] [stdout] error[E0432]: unresolved import `x11_dl`
[INFO] [stdout]  --> examples/xlib_client.rs:2:5
[INFO] [stdout]   |
[INFO] [stdout] 2 | use x11_dl::xlib;
[INFO] [stdout]   |     ^^^^^^ use of undeclared crate or module `x11_dl`
[INFO] [stdout] 
[INFO] [stdout] 
[INFO] [stdout] error[E0432]: unresolved import `xim::xlib`
[INFO] [stdout]  --> examples/xlib_client.rs:3:11
[INFO] [stdout]   |
[INFO] [stdout] 3 | use xim::{xlib::XlibClient, Client};
[INFO] [stdout]   |           ^^^^ could not find `xlib` in `xim`
[INFO] [stdout] 
[INFO] [stdout] 
[INFO] [stdout] warning: unused import: `Client`
[INFO] [stdout]  --> examples/xlib_client.rs:3:29
[INFO] [stdout]   |
[INFO] [stdout] 3 | use xim::{xlib::XlibClient, Client};
[INFO] [stdout]   |                             ^^^^^^
[INFO] [stdout]   |
[INFO] [stdout]   = note: `#[warn(unused_imports)]` on by default
[INFO] [stdout] 
[INFO] [stdout] 
[INFO] [stdout] error: aborting due to 2 previous errors; 1 warning emitted
[INFO] [stdout] 
[INFO] [stdout] 
[INFO] [stdout] For more information about this error, try `rustc --explain E0432`.
[INFO] [stdout] 
[INFO] [stderr] error: could not compile `xim`
[INFO] [stderr] 
[INFO] [stderr] To learn more, run the command again with --verbose.
[INFO] [stderr] warning: build failed, waiting for other jobs to finish...
[INFO] [stdout] error: aborting due to 2 previous errors
[INFO] [stdout] 
[INFO] [stdout] 
[INFO] [stdout] Some errors have detailed explanations: E0425, E0432.
[INFO] [stdout] 
[INFO] [stdout] For more information about an error, try `rustc --explain E0425`.
[INFO] [stdout] 
[INFO] [stderr] error: build failed
[INFO] running `Command { std: "docker" "inspect" "be754af286dba22793556fea4e54e54ed4c073a32303ac7804d82c88a9775b3c", kill_on_drop: false }`
[INFO] running `Command { std: "docker" "rm" "-f" "be754af286dba22793556fea4e54e54ed4c073a32303ac7804d82c88a9775b3c", kill_on_drop: false }`
[INFO] [stdout] be754af286dba22793556fea4e54e54ed4c073a32303ac7804d82c88a9775b3c
